what is 3 - 3?
0
In base 16, what is c - 10?
-4
In base 6, what is -222 + -2?
-224
In base 13, what is 2 - 11?
-c
In base 11, what is -1093 - 3?
-1096
In base 8, what is 122 + 15?
137
In base 14, what is 7098 - 2?
7096
In base 6, what is 4141 - 3?
4134
In base 8, what is 1 + 15?
16
In base 12, what is -1 + -286?
-287
In base 5, what is 2 - 30332?
-30330
In base 12, what is -1 - -70?
6b
In base 12, what is -54 - 4?
-58
In base 3, what is -10012 - 201?
-10220
In base 11, what is -6 + 13a?
134
In base 8, what is -6241 - 1?
-6242
In base 10, what is 137 + -10?
127
In base 4, what is -30001 - 312?
-30313
In base 10, what is 23528 + -2?
23526
In base 7, what is -3 + -35?
-41
In base 10, what is 0 + -43?
-43
In base 14, what is 40 - -24?
64
In base 13, what is -1b + 15?
-6
In base 7, what is 6615 - -1?
6616
In base 9, what is 34817 + -4?
34813
In base 14, what is -463b + 0?
-463b
In base 14, what is -2 + 351?
34d
In base 14, what is 3c + d?
4b
In base 7, what is 510 + 3?
513
In base 8, what is 5 + 37?
44
In base 7, what is -23206 - 3?
-23212
In base 7, what is -1334 + 46?
-1255
In base 8, what is 5571 + -3?
5566
In base 15, what is -6 + e?
8
In base 16, what is 5 - -40?
45
In base 16, what is 1538 - 1?
1537
In base 13, what is -aa + 6?
-a4
In base 7, what is -1 - 32354?
-32355
In base 13, what is -4 - 32?
-36
In base 16, what is 0 - -6?
6
In base 8, what is 4 - -3422?
3426
In base 10, what is 1 - -1264?
1265
In base 16, what is 7 - 11?
-a
In base 9, what is 1202 - -1?
1203
In base 13, what is 1 + 380?
381
In base 12, what is 14 + 17?
2b
In base 9, what is 5068 + -2?
5066
In base 9, what is -18 + 277?
258
In base 7, what is 0 + -102?
-102
In base 10, what is -12 - 171?
-183
In base 9, what is 3 - -2467?
2471
In base 3, what is -10 + 101?
21
In base 15, what is -c - -3b?
2e
In base 13, what is -965 - 5?
-96a
In base 2, what is -11011111110 + -100?
-11100000010
In base 10, what is 4 - -3?
7
In base 2, what is -11011 + -1000?
-100011
In base 11, what is -1 + 81?
80
In base 9, what is 1316 - -2?
1318
In base 15, what is -151 - 4?
-155
In base 4, what is -31 + -101?
-132
In base 9, what is 3 - 65?
-62
In base 5, what is 1143 - -21?
1214
In base 11, what is 26 + -23?
3
In base 13, what is 20 + 138?
158
In base 9, what is -6 - -260?
253
In base 12, what is -219a + 1?
-2199
In base 15, what is b - 40?
-34
In base 12, what is -1 - 62?
-63
In base 2, what is 111000011010111 - 0?
111000011010111
In base 14, what is 9 - 20?
-15
In base 13, what is 0 - 90?
-90
In base 9, what is 7452 - -5?
7457
In base 3, what is -1001 - -2000?
222
In base 2, what is 1011 + -100111010?
-100101111
In base 14, what is 18a7 + -2?
18a5
In base 12, what is 5 - 39?
-34
In base 3, what is 110212 + -112?
110100
In base 6, what is 2 - 0?
2
In base 15, what is d - 6?
7
In base 11, what is 559 - -3?
561
In base 6, what is 1 - 25121?
-25120
In base 6, what is -114 - -255?
141
In base 14, what is 137 - 9?
12c
In base 6, what is -251 - -5?
-242
In base 2, what is -101 + -10?
-111
In base 8, what is -1 - 126?
-127
In base 8, what is 102 - 4?
76
In base 12, what is -4 - -a31?
a29
In base 11, what is -134a + 0?
-134a
In base 13, what is -19 + 325?
309
In base 16, what is -12 + -1?
-13
In base 16, what is -1 - 225?
-226
In base 15, what is -d3 + 5?
-cd
In base 4, what is -112 - 0?
-112
In base 9, what is 272 + -23?
248
In base 6, what is -105552 - -3?
-105545
In base 9, what is -24 - -128?
104
In base 11, what is 2 + 206?
208
In base 7, what is 0 - -533?
533
In base 10, what is -2 + 0?
-2
In base 16, what is 0 + 13?
13
In base 14, what is -4 + 436?
432
In base 13, what is -1a + 8?
-12
In base 16, what is 13bd - 5?
13b8
In base 15, what is 0 - -423?
423
In base 2, what is -101100100 + 0?
-101100100
In base 8, what is -150 - -7?
-141
In base 8, what is -33 + 2?
-31
In base 11, what is 1 + -69?
-68
In base 13, what is -15 + -5?
-1a
In base 10, what is 61690 - 3?
61687
In base 12, what is 0 - 41?
-41
In base 13, what is a + 28?
35
In base 2, what is -10111 - 1000?
-11111
In base 9, what is -17 + -354?
-372
In base 10, what is -1 - -1670?
1669
In base 10, what is 5 - -337?
342
In base 13, what is -6 - 7?
-10
In base 12, what is 16 - 5?
11
In base 8, what is -13 - -1014?
1001
In base 13, what is 5 + 59?
61
In base 9, what is 412 + 0?
412
In base 11, what is 109 + 1?
10a
In base 9, what is 1 + -116?
-115
In base 6, what is -1542 - 1?
-1543
In base 11, what is 616 + -5?
611
In base 12, what is 4 - -36?
3a
In base 14, what is 1 + cb?
cc
In base 8, what is -1 + -10055?
-10056
In base 12, what is -4 + 127?
123
In base 11, what is 135 - -116?
250
In base 15, what is c3 - b?
b7
In base 9, what is 100 + -5?
84
In base 5, what is 3 + -114?
-111
In base 11, what is 1 + 242?
243
In base 12, what is 4 + b96?
b9a
In base 4, what is 2 - -1011?
1013
In base 13, what is -5 - 1773?
-1778
In base 4, what is -110 + -312?
-1022
In base 7, what is -4004 + -24?
-4031
In base 4, what is -1003020 - -11?
-1003003
In base 10, what is 5 - 29?
-24
In base 4, what is -200 + -113?
-313
In base 11, what is -5 - 74?
-79
In base 10, what is -31 - 5?
-36
In base 11, what is -7 + -400?
-407
In base 12, what is 30 + 31?
61
In base 7, what is 2454 - -5?
2462
In base 5, what is 13 + -22?
-4
In base 8, what is 40 + -24?
14
In base 2, what is -100111100 + -11?
-100111111
In base 7, what is -1266 + -5?
-1304
In base 8, what is 10 - -330?
340
In base 15, what is 667 - -2?
669
In base 7, what is 14 + -32?
-15
In base 11, what is -598 - a?
-5a7
In base 2, what is -110011 - 10100?
-1000111
In base 15, what is 2d + 9?
37
In base 8, what is -3 - 4?
-7
In base 9, what is -1 - -83?
82
In base 16, what is 5 + -21f?
-21a
In base 5, what is 1441 + 22?
2013
In base 3, what is -102211 + 0?
-102211
In base 9, what is -4 + 23?
18
In base 16, what is 1b - 3?
18
In base 6, what is 112 - -55?
211
In base 15, what is 4 + 2b?
30
In base 11, what is -17 + 4?
-13
In base 16, what is 1 - 26?
-25
In base 11, what is -1 - 121?
-122
In base 11, what is -10 + -539?
-549
In base 5, what is 11 - -13442?
14003
In base 12, what is 0 + b6?
b6
In base 5, what is -12 - 2014?
-2031
In base 5, what is -20 + -30432?
-31002
In base 10, what is -5 - -45?
40
In base 8, what is 67 - -405?
474
In base 14, what is 2a - 12?
18
In base 13, what is 5 + -11?
-9
In base 5, what is 11 - 20?
-4
In base 16, what is 2 - 73?
-71
In base 13, what is 1279 - 1?
1278
In base 12, what is 250 + 8?
258
In base 9, what is -3 + -68?
-72
In base 15, what is -111 + -2e?
-140
In base 14, what is 8 + -13?
-9
In base 2, what is 1 - 1010000101?
-1010000100
In base 13, what is 1414 - -1?
1415
In base 13, what is -5 + 2248?
2243
In base 16, what is 3 - -19b?
19e
In base 7, what is -10 + 1235?
1225
In base 16, what is 142 - -3?
145
In base 8, what is 5 - -5164?
5171
In base 8, what is -20 + -20?
-40
In base 14, what is 2392 - -2?
2394
In base 14, what is -3 - -2367?
2364
In base 13, what is -1 - 232?
-233
In base 7, what is 6042 + -3?
6036
In base 12, what is ab - -9?
b8
In base 3, what is 20100 - -22?
20122
In base 14, what is 0 + 389?
389
In base 15, what is -3 - 10?
-13
In base 2, what is -11101110 + 1010100?
-10011010
In base 10, what is 3 - 726?
-723
In base 7, what is 136 + -4?
132
In base 5, what is -230200 + 10?
-230140
In base 12, what is -13 + -1?
-14
In base 10, what is -6 + 1799?
1793
In base 6, what is 1301 - 51?
1210
In base 6, what is -2 + 152?
150
In base 10, what is -1298 - 4?
-1302
In base 6, what is 114 + -1020?
-502
In base 4, what is -321 - -2101?
1120
In base 2, what is -101010 - -10000?
-11010
In base 3, what is -11010010 - 2?
-11010012
In base 13, what is -418 - -3?
-415
In base 9, what is 21 - 144?
-123
In base 15, what is -41b + 5?
-416
In base 9, what is -2 - 51?
-53
In base 14, what is -53 + 22?
-31
In base 2, what is -100 - 110101?
-111001
In base 8, what is 3 - -11343?
11346
In base 13, what is -9 + 14c?
143
In base 9, what is 54 + -13?
41
In base 11, what is -153 - 2?
-155
In base 4, what is 200 - 213?
-13
In base 13, what is -5 + 13a?
135
In base 3, what is -2002002210 - 10?
-2002002220
In base 16, what is 3 + 16b?
16e
In base 7, what is 15 + 1143?
1161
In base 2, what is -100 - -11?
-1
In base 4, what is -32000 - 1?
-32001
In base 4, what is 20 + -10213?
-10133
In base 9, what